{"id":328,"date":"2015-12-11T16:54:41","date_gmt":"2015-12-11T15:54:41","guid":{"rendered":"https:\/\/ulewu.de\/wuchnerblog\/?page_id=328"},"modified":"2026-03-22T15:16:51","modified_gmt":"2026-03-22T14:16:51","slug":"termine-2016","status":"publish","type":"page","link":"https:\/\/wuchner-fasten.de\/?page_id=328","title":{"rendered":"Termine 2026"},"content":{"rendered":"<table>\n<tbody>\n<tr>\n<td>1<\/td>\n<td><a href=\"http:\/\/wuchner-fasten.de\/?page_id=156\">Hersberg<\/a><\/td>\n<td><\/td>\n<td>2. &#8211; 9. Januar<\/td>\n<\/tr>\n<tr>\n<td>2<\/td>\n<td><a href=\"http:\/\/wuchner-fasten.de\/?page_id=200\">Bad W\u00f6rishofen<\/a><\/td>\n<td><\/td>\n<td>12. &#8211; 19. Februar<\/td>\n<\/tr>\n<tr>\n<td>3<\/td>\n<td><a href=\"http:\/\/wuchner-fasten.de\/?page_id=156\">Hersberg<\/a><\/td>\n<td><\/td>\n<td>27. Februar &#8211; 6. M\u00e4rz<\/td>\n<\/tr>\n<tr>\n<td>4<\/td>\n<td><a href=\"http:\/\/wuchner-fasten.de\/?page_id=220\">Heiligkreuztal<\/a><\/td>\n<td><\/td>\n<td>13. &#8211; 19. M\u00e4rz<\/td>\n<\/tr>\n<tr>\n<td>5<\/td>\n<td><a href=\"http:\/\/wuchner-fasten.de\/?page_id=185\">Inzigkofen<\/a><\/td>\n<td><\/td>\n<td>28. M\u00e4rz &#8211; 4. April<\/td>\n<\/tr>\n<tr>\n<td>6<\/td>\n<td><a href=\"https:\/\/wuchner-fasten.de\/?page_id=131\">Matrei<\/a><\/td>\n<td><\/td>\n<td>17. &#8211; 24. April<\/td>\n<\/tr>\n<tr>\n<td>7<\/td>\n<td><a href=\"https:\/\/wuchner-fasten.de\/?page_id=192\">Lichtenstern<\/a><\/td>\n<td><\/td>\n<td>26. April &#8211; 2. Mai<\/td>\n<\/tr>\n<tr>\n<td>8<\/td>\n<td><a href=\"http:\/\/wuchner-fasten.de\/?page_id=208\">Lindenberg<\/a><\/td>\n<td><\/td>\n<td>8. &#8211; 15. Mai<\/td>\n<\/tr>\n<tr>\n<td>9<\/td>\n<td><a href=\"http:\/\/wuchner-fasten.de\/?page_id=200\">Bad W\u00f6rishofen<\/a><\/td>\n<td><\/td>\n<td>24. &#8211; 31. Mai<\/td>\n<\/tr>\n<tr>\n<td>10<\/td>\n<td><a href=\"http:\/\/wuchner-fasten.de\/?page_id=148\">Neustadt<\/a><\/td>\n<td><\/td>\n<td>17. &#8211; 23. August<\/td>\n<\/tr>\n<tr>\n<td>11<\/td>\n<td><a href=\"http:\/\/wuchner-fasten.de\/?page_id=220\">Heiligkreuztal<\/a><\/td>\n<td><\/td>\n<td>11. &#8211; 17. September<\/td>\n<\/tr>\n<tr>\n<td>12<\/td>\n<td><a href=\"http:\/\/wuchner-fasten.de\/?page_id=131\">Matrei<\/a><\/td>\n<td><\/td>\n<td>25. Sept. &#8211; 2. Oktober<\/td>\n<\/tr>\n<tr>\n<td>13<\/td>\n<td><a href=\"http:\/\/wuchner-fasten.de\/?page_id=156\">Hersberg<\/a><\/td>\n<td><\/td>\n<td>16. &#8211; 23. Oktober<\/td>\n<\/tr>\n<tr>\n<td>14<\/td>\n<td><a href=\"http:\/\/wuchner-fasten.de\/?page_id=156\">Hersberg<\/a><\/td>\n<td><\/td>\n<td>23. &#8211; 30. Oktober<\/td>\n<\/tr>\n<tr>\n<td>15<\/td>\n<td><a href=\"http:\/\/wuchner-fasten.de\/?page_id=200\">Bad W\u00f6rishofen<\/a><\/td>\n<td><\/td>\n<td>15. &#8211; 22. November<\/td>\n<\/tr>\n<tr>\n<td>16<\/td>\n<td><a href=\"http:\/\/wuchner-fasten.de\/?page_id=156\">Hersberg<\/a><\/td>\n<td><\/td>\n<td>29. November &#8211; 4. Dezember<\/td>\n<\/tr>\n<\/tbody>\n<\/table>\n<p>&nbsp;<\/p>\n","protected":false},"excerpt":{"rendered":"<p>1 Hersberg 2. &#8211; 9. Januar 2 Bad W\u00f6rishofen 12. &#8211; 19. Februar 3 Hersberg 27. Februar &#8211; 6. M\u00e4rz 4 Heiligkreuztal 13. &#8211; 19. M\u00e4rz 5 Inzigkofen 28. M\u00e4rz &#8211; 4. April 6 Matrei 17. &#8211; 24. April 7 &hellip; <a href=\"https:\/\/wuchner-fasten.de\/?page_id=328\">Weiterlesen <span class=\"meta-nav\">&rarr;<\/span><\/a><\/p>\n","protected":false},"author":1,"featured_media":0,"parent":0,"menu_order":0,"comment_status":"closed","ping_status":"closed","template":"","meta":{"footnotes":""},"class_list":["post-328","page","type-page","status-publish","hentry"],"_links":{"self":[{"href":"https:\/\/wuchner-fasten.de\/index.php?rest_route=\/wp\/v2\/pages\/328","targetHints":{"allow":["GET"]}}],"collection":[{"href":"https:\/\/wuchner-fasten.de\/index.php?rest_route=\/wp\/v2\/pages"}],"about":[{"href":"https:\/\/wuchner-fasten.de\/index.php?rest_route=\/wp\/v2\/types\/page"}],"author":[{"embeddable":true,"href":"https:\/\/wuchner-fasten.de\/index.php?rest_route=\/wp\/v2\/users\/1"}],"replies":[{"embeddable":true,"href":"https:\/\/wuchner-fasten.de\/index.php?rest_route=%2Fwp%2Fv2%2Fcomments&post=328"}],"version-history":[{"count":28,"href":"https:\/\/wuchner-fasten.de\/index.php?rest_route=\/wp\/v2\/pages\/328\/revisions"}],"predecessor-version":[{"id":865,"href":"https:\/\/wuchner-fasten.de\/index.php?rest_route=\/wp\/v2\/pages\/328\/revisions\/865"}],"wp:attachment":[{"href":"https:\/\/wuchner-fasten.de\/index.php?rest_route=%2Fwp%2Fv2%2Fmedia&parent=328"}],"curies":[{"name":"wp","href":"https:\/\/api.w.org\/{rel}","templated":true}]}}