{"id":131,"date":"2015-10-13T20:30:09","date_gmt":"2015-10-13T18:30:09","guid":{"rendered":"https:\/\/ulewu.de\/wuchnerblog\/?page_id=131"},"modified":"2025-12-05T15:29:15","modified_gmt":"2025-12-05T14:29:15","slug":"matrei-st-michael-2","status":"publish","type":"page","link":"https:\/\/wuchner-fasten.de\/?page_id=131","title":{"rendered":"Matrei \/ St. Michael"},"content":{"rendered":"\n<figure class=\"wp-block-image is-resized\"><img loading=\"lazy\" decoding=\"async\" width=\"1024\" height=\"644\" src=\"http:\/\/wuchner-fasten.de\/wp-content\/uploads\/2018\/12\/STM_See@schreyerdavid-1024x644.jpg\" alt=\"\" class=\"wp-image-570\" srcset=\"https:\/\/wuchner-fasten.de\/wp-content\/uploads\/2018\/12\/STM_See@schreyerdavid-1024x644.jpg 1024w, https:\/\/wuchner-fasten.de\/wp-content\/uploads\/2018\/12\/STM_See@schreyerdavid-300x189.jpg 300w, https:\/\/wuchner-fasten.de\/wp-content\/uploads\/2018\/12\/STM_See@schreyerdavid-768x483.jpg 768w\" sizes=\"auto, (max-width: 1024px) 100vw, 1024px\" \/><\/figure>\n\n\n<p><span style=\"color: #ff0000;\">\u00a0<\/span>Das neuerbaute Bildungshaus liegt auf einem kleinen Hochplateau an einem malerischen See oberhalb von Matrei am Brenner. Der Kraftsee in unmittelbarer N\u00e4he des Hauses, der nahe Wald mit seinen Wanderwegen und die Wiesen rund ums Haus schaffen eine Atmosph\u00e4re, die Bildung, Besinnung und Erholung unterst\u00fctzen. Die Zimmer sind mit Dusche und WC ausgestattet. Eine Sauna ist geplant, aber noch nicht vorhanden.<\/p>\n<table>\n<tbody>\n<tr>\n<td><strong>Fasten<\/strong><\/td>\n<td>\u00a0 \u00a0 \u00a0Termin<\/td>\n<td>17. &#8211; 24. April\u00a0<\/td>\n<\/tr>\n<tr>\n<td>\u00a0<\/td>\n<td>\u00a0 \u00a0 \u00a0Einzelzimmer\u00a0<\/td>\n<td>525,00 Euro<\/td>\n<\/tr>\n<tr>\n<td>\u00a0<\/td>\n<td>\u00a0 \u00a0 \u00a0 \u00a0 \u00a0 \u00a0 \u00a0 \u00a0 \u00a0 \u00a0im Nebenhaus<\/td>\n<td>434,00 Euro<\/td>\n<\/tr>\n<tr>\n<td>\u00a0<\/td>\n<td>\u00a0 \u00a0 \u00a0Kursgeb\u00fchr\u00a0\u00a0\u00a0\u00a0\u00a0<\/td>\n<td>310,00 Euro<\/td>\n<\/tr>\n<\/tbody>\n<\/table>\n<table>\n<tbody>\n<tr>\n<td><strong>Basen-Heilkost\u00a0 \u00a0 \u00a0 <\/strong>Termin\u00a0 \u00a0 \u00a0 \u00a0 \u00a0 \u00a0 \u00a0 \u00a0 \u00a0 \u00a0 \u00a0 \u00a0 \u00a0 \u00a0 \u00a0 \u00a0 \u00a0 \u00a0 \u00a0 \u00a0 \u00a0 \u00a0 \u00a0 \u00a0 \u00a0 \u00a0 25. Sept. &#8211; 2. Oktober<\/td>\n<\/tr>\n<tr>\n<td>\u00a0 \u00a0 \u00a0 \u00a0 \u00a0 \u00a0 \u00a0 \u00a0 \u00a0 \u00a0 \u00a0 \u00a0 \u00a0 \u00a0 \u00a0 \u00a0 \u00a0 \u00a0 \u00a0 \u00a0 Einzelzimmer\u00a0 \u00a0 \u00a0 \u00a0 \u00a0 \u00a0 \u00a0 \u00a0 \u00a0 \u00a0 \u00a0 \u00a0 \u00a0 \u00a0 \u00a0 \u00a0 \u00a0 \u00a0 \u00a0 \u00a0 \u00a0 \u00a0644,00<\/td>\n<\/tr>\n<tr>\n<td>\u00a0 \u00a0 \u00a0 \u00a0 \u00a0 \u00a0 \u00a0 \u00a0 \u00a0 \u00a0 \u00a0 \u00a0 \u00a0 \u00a0 \u00a0 \u00a0 \u00a0 \u00a0 \u00a0 \u00a0 \u00a0 \u00a0 \u00a0 \u00a0 \u00a0 \u00a0 \u00a0 \u00a0im Nebenhaus\u00a0 \u00a0 \u00a0 \u00a0 \u00a0 \u00a0 \u00a0 \u00a0 \u00a0 \u00a0 \u00a0 \u00a0 \u00a0 \u00a0539,00<\/td>\n<\/tr>\n<tr>\n<td>\u00a0 \u00a0 \u00a0 \u00a0 \u00a0 \u00a0 \u00a0 \u00a0 \u00a0 \u00a0 \u00a0 \u00a0 \u00a0 \u00a0 \u00a0 \u00a0 \u00a0 \u00a0 \u00a0 \u00a0 \u00a0Kursgeb\u00fchr\u00a0 \u00a0 \u00a0 \u00a0 \u00a0 \u00a0 \u00a0 \u00a0 \u00a0 \u00a0 \u00a0 \u00a0 \u00a0 \u00a0 \u00a0 \u00a0 \u00a0 \u00a0 \u00a0 \u00a0 \u00a0 \u00a0 \u00a0 310,00<\/td>\n<\/tr>\n<\/tbody>\n<\/table>\n<p style=\"text-align: left;\"><strong>\u00a0\u00a0\u00a0\u00a0\u00a0 Anmeldung<\/strong><\/p>\n<p style=\"text-align: center;\">Bildungshaus St. Michael<br \/>Sch\u00f6fens 12 \/ Pfons<br \/>A-6143 Matrei<br \/>Tel: 05273\/6236-0<br \/>st.michael@dibk.at<\/p>\n<p style=\"text-align: center;\"><a href=\"http:\/\/www.dibk.at\/index.php?id=3603&amp;portal=60\">https:\/\/st.michael.dibk.at\/Bildung<\/a><\/p>","protected":false},"excerpt":{"rendered":"<p>\u00a0Das neuerbaute Bildungshaus liegt auf einem kleinen Hochplateau an einem malerischen See oberhalb von Matrei am Brenner. Der Kraftsee in unmittelbarer N\u00e4he des Hauses, der nahe Wald mit seinen Wanderwegen und die Wiesen rund ums Haus schaffen eine Atmosph\u00e4re, die &hellip; <a href=\"https:\/\/wuchner-fasten.de\/?page_id=131\">Weiterlesen <span class=\"meta-nav\">&rarr;<\/span><\/a><\/p>\n","protected":false},"author":1,"featured_media":0,"parent":0,"menu_order":0,"comment_status":"closed","ping_status":"closed","template":"","meta":{"footnotes":""},"class_list":["post-131","page","type-page","status-publish","hentry"],"_links":{"self":[{"href":"https:\/\/wuchner-fasten.de\/index.php?rest_route=\/wp\/v2\/pages\/131","targetHints":{"allow":["GET"]}}],"collection":[{"href":"https:\/\/wuchner-fasten.de\/index.php?rest_route=\/wp\/v2\/pages"}],"about":[{"href":"https:\/\/wuchner-fasten.de\/index.php?rest_route=\/wp\/v2\/types\/page"}],"author":[{"embeddable":true,"href":"https:\/\/wuchner-fasten.de\/index.php?rest_route=\/wp\/v2\/users\/1"}],"replies":[{"embeddable":true,"href":"https:\/\/wuchner-fasten.de\/index.php?rest_route=%2Fwp%2Fv2%2Fcomments&post=131"}],"version-history":[{"count":37,"href":"https:\/\/wuchner-fasten.de\/index.php?rest_route=\/wp\/v2\/pages\/131\/revisions"}],"predecessor-version":[{"id":843,"href":"https:\/\/wuchner-fasten.de\/index.php?rest_route=\/wp\/v2\/pages\/131\/revisions\/843"}],"wp:attachment":[{"href":"https:\/\/wuchner-fasten.de\/index.php?rest_route=%2Fwp%2Fv2%2Fmedia&parent=131"}],"curies":[{"name":"wp","href":"https:\/\/api.w.org\/{rel}","templated":true}]}}

<figure class="wp-block-image is-resized"><img loading="lazy" decoding="async" width="1024" height="644" src="http://wuchner-fasten.de/wp-content/uploads/2018/12/STM_See@schreyerdavid-1024x644.jpg" alt="" class="wp-image-570" srcset="https://wuchner-fasten.de/wp-content/uploads/2018/12/STM_See@schreyerdavid-1024x644.jpg 1024w, https://wuchner-fasten.de/wp-content/uploads/2018/12/STM_See@schreyerdavid-300x189.jpg 300w, https://wuchner-fasten.de/wp-content/uploads/2018/12/STM_See@schreyerdavid-768x483.jpg 768w" sizes="auto, (max-width: 1024px) 100vw, 1024px" /></figure>


<p><span style="color: #ff0000;"> </span>Das neuerbaute Bildungshaus liegt auf einem kleinen Hochplateau an einem malerischen See oberhalb von Matrei am Brenner. Der Kraftsee in unmittelbarer Nähe des Hauses, der nahe Wald mit seinen Wanderwegen und die Wiesen rund ums Haus schaffen eine Atmosphäre, die Bildung, Besinnung und Erholung unterstützen. Die Zimmer sind mit Dusche und WC ausgestattet. Eine Sauna ist geplant, aber noch nicht vorhanden.</p>
<table>
<tbody>
<tr>
<td><strong>Fasten</strong></td>
<td>     Termin</td>
<td>17. &#8211; 24. April </td>
</tr>
<tr>
<td> </td>
<td>     Einzelzimmer </td>
<td>525,00 Euro</td>
</tr>
<tr>
<td> </td>
<td>                   im Nebenhaus</td>
<td>434,00 Euro</td>
</tr>
<tr>
<td> </td>
<td>     Kursgebühr     </td>
<td>310,00 Euro</td>
</tr>
</tbody>
</table>
<table>
<tbody>
<tr>
<td><strong>Basen-Heilkost      </strong>Termin                                                    25. Sept. &#8211; 2. Oktober</td>
</tr>
<tr>
<td>                                        Einzelzimmer                                           644,00</td>
</tr>
<tr>
<td>                                                       im Nebenhaus                           539,00</td>
</tr>
<tr>
<td>                                         Kursgebühr                                              310,00</td>
</tr>
</tbody>
</table>
<p style="text-align: left;"><strong>      Anmeldung</strong></p>
<p style="text-align: center;">Bildungshaus St. Michael<br />Schöfens 12 / Pfons<br />A-6143 Matrei<br />Tel: 05273/6236-0<br />st.michael@dibk.at</p>
<p style="text-align: center;"><a href="http://www.dibk.at/index.php?id=3603&amp;portal=60">https://st.michael.dibk.at/Bildung</a></p>

<p> Das neuerbaute Bildungshaus liegt auf einem kleinen Hochplateau an einem malerischen See oberhalb von Matrei am Brenner. Der Kraftsee in unmittelbarer Nähe des Hauses, der nahe Wald mit seinen Wanderwegen und die Wiesen rund ums Haus schaffen eine Atmosphäre, die &hellip; <a href="https://wuchner-fasten.de/?page_id=131">Weiterlesen <span class="meta-nav">&rarr;</span></a></p>
