{"id":319,"date":"2015-12-01T16:40:16","date_gmt":"2015-12-01T15:40:16","guid":{"rendered":"https:\/\/ulewu.de\/wuchnerblog\/?page_id=319"},"modified":"2015-12-01T16:49:42","modified_gmt":"2015-12-01T15:49:42","slug":"vorbereitung","status":"publish","type":"page","link":"http:\/\/wuchner-fasten.de\/?page_id=319","title":{"rendered":"Vorbereitung"},"content":{"rendered":"<p>Durch die Umstellung der Essgewohnheiten, den Entzug von Suchtmitteln und das Freiwerden von Schlacken k\u00f6nnen sogenannte Fastenkrisen entstehen.\u00a0\u00a0\u00a0\u00a0\u00a0\u00a0\u00a0\u00a0\u00a0\u00a0\u00a0\u00a0\u00a0\u00a0\u00a0\u00a0\u00a0\u00a0\u00a0\u00a0\u00a0\u00a0\u00a0\u00a0\u00a0 Damit diese Krisen m\u00f6glichst klein und der Erfolg m\u00f6glichst gross werden, sollte schon 3-4 Tage vor dem eigentlichen Fasten mit der Vorbereitung begonnen werden.<br \/>\nIch empfehle folgende Vorbereitung:<br \/>\n&#8211; nur 2 Mahlzeiten am Tag und zwar morgens und mittags<br \/>\n&#8211; abends Kr\u00e4utertee mit etwas Honig und Zitrone<br \/>\n&#8211; keine Zwischenmahlzeiten, daf\u00fcr viel Kr\u00e4utertee oder Mineralwasser trinken<br \/>\n&#8211; Bohnenkaffee, Nikotin, Alkohol, S\u00fcssigkeiten und Schweinefleisch m\u00f6glichst weglassen<\/p>\n<p>Bringen Sie bitte eine Thermoskanne, eine W\u00e4rmflasche und warme Socken mit.\u00a0\u00a0\u00a0\u00a0\u00a0\u00a0\u00a0\u00a0\u00a0\u00a0\u00a0\u00a0 F\u00fcr die \u00dcbungen ist bequeme Kleidung und f\u00fcr die Wanderungen sind gutes Schuhwerk und ein kleiner Rucksack empfehlenswert.<\/p>\n<p>&nbsp;<\/p>\n","protected":false},"excerpt":{"rendered":"<p>Durch die Umstellung der Essgewohnheiten, den Entzug von Suchtmitteln und das Freiwerden von Schlacken k\u00f6nnen sogenannte Fastenkrisen entstehen.\u00a0\u00a0\u00a0\u00a0\u00a0\u00a0\u00a0\u00a0\u00a0\u00a0\u00a0\u00a0\u00a0\u00a0\u00a0\u00a0\u00a0\u00a0\u00a0\u00a0\u00a0\u00a0\u00a0\u00a0\u00a0 Damit diese Krisen m\u00f6glichst klein und der Erfolg m\u00f6glichst gross werden, sollte schon 3-4 Tage vor dem eigentlichen Fasten mit der Vorbereitung &hellip; <a href=\"http:\/\/wuchner-fasten.de\/?page_id=319\">Weiterlesen <span class=\"meta-nav\">&rarr;<\/span><\/a><\/p>\n","protected":false},"author":1,"featured_media":0,"parent":0,"menu_order":0,"comment_status":"closed","ping_status":"closed","template":"","meta":{"footnotes":""},"class_list":["post-319","page","type-page","status-publish","hentry"],"_links":{"self":[{"href":"http:\/\/wuchner-fasten.de\/index.php?rest_route=\/wp\/v2\/pages\/319","targetHints":{"allow":["GET"]}}],"collection":[{"href":"http:\/\/wuchner-fasten.de\/index.php?rest_route=\/wp\/v2\/pages"}],"about":[{"href":"http:\/\/wuchner-fasten.de\/index.php?rest_route=\/wp\/v2\/types\/page"}],"author":[{"embeddable":true,"href":"http:\/\/wuchner-fasten.de\/index.php?rest_route=\/wp\/v2\/users\/1"}],"replies":[{"embeddable":true,"href":"http:\/\/wuchner-fasten.de\/index.php?rest_route=%2Fwp%2Fv2%2Fcomments&post=319"}],"version-history":[{"count":3,"href":"http:\/\/wuchner-fasten.de\/index.php?rest_route=\/wp\/v2\/pages\/319\/revisions"}],"predecessor-version":[{"id":323,"href":"http:\/\/wuchner-fasten.de\/index.php?rest_route=\/wp\/v2\/pages\/319\/revisions\/323"}],"wp:attachment":[{"href":"http:\/\/wuchner-fasten.de\/index.php?rest_route=%2Fwp%2Fv2%2Fmedia&parent=319"}],"curies":[{"name":"wp","href":"https:\/\/api.w.org\/{rel}","templated":true}]}}